l**3 - 3*l**2 - 2*l + 4. Calculate t(h).
-2
Suppose -3 = -7*o + 11. Let x(j) = 3*j**2 - 4*j**2 + 2*j + 2 - 3*j**2. What is x(o)?
-10
Let z(j) = 4*j**3 + 5*j**2 - 2. Let o(g) = -g**3 - g**2 + g + 1. Let y(d) = 3*o(d) + z(d). What is y(-2)?
-5
Suppose 3*z - 4 = 5. Let j(p) be the second derivative of p**8/6720 - p**7/630 - p**5/60 - p**4/2 - 5*p. Let b(r) be the third derivative of j(r). What is b(z)?
-11
Let j be (-1)/(1/1)*-5. Let s(r) = -r**2 + 39 + 5*r + r - 36. What is s(j)?
8
Let a(y) = 3*y - 1. Let d(q) = q**2 + 4*q - 5. Let f be d(-5). Suppose 4*r = -f*r + 8. Suppose -5*t = s - 9 - 4, 0 = -r*s - 2*t + 2. Give a(s).
-7
Let v(p) = -p**3 + 13*p**2 - p + 10. Let n be v(13). Let k(g) = -g**3 - 5*g**2 + 3. Let b be k(-5). Let z(c) = 0 + 2 - b - 3*c**2 - c**3. Give z(n).
-1
Let u(g) = 4*g - 6. Let y(k) = -k. Let b be y(-2). Suppose -i + b = i. Suppose -4*d + 21 = -m + 4, 0 = -m - i. Calculate u(d).
10
Suppose 4*i = -2*c + 8, 5*c + 13 + 3 = -i. Let q(u) = u + 5. Give q(c).
1
Let u(n) = -n**2 + 4*n + 2. Let s be ((-6)/4)/((-12)/40). Suppose -5*c - 18 = -b - 10*c, -s*b + 30 = 5*c. Give u(b).
5
Let k(f) = -f**2 - f. Let t(h) = -4*h**2 - 5*h. Let v(z) = 5*k(z) - t(z). Suppose 2 = 3*l + 5. Give v(l).
-1
Let x(s) be the second derivative of 0 + s - s**3 + 1/12*s**4 - 2*s**2. Calculate x(5).
-9
Suppose 0 = 13*v - 16*v + 6. Let y(z) = 2*z + v + z**2 + 0 - 1. Calculate y(-1).
0
Let f(l) be the third derivative of 0*l - 2*l**2 - 1/2*l**3 + 0 + 1/8*l**4 - 1/30*l**5. Suppose 0 = 4*d + 3*s + 4, -2*d + 4*s + 27 - 7 = 0. What is f(d)?
-5
Let u(m) = m + 2. Suppose 0 = a + 1 - 5. Suppose 0 = -4*j + 5*n + 40, -a*j + 4*n + 6 + 34 = 0. Suppose -2*o = -j + 2. What is u(o)?
6
Let f(t) be the first derivative of -3 - 2/3*t**3 + 0*t + 1/2*t**2. Suppose 4*o + 2*j - 7*j = -1, -4*j + 3 = -o. Give f(o).
-1
Let p(o) = -o. Let i(q) = -q. Let k(z) = -2*i(z) + 5*p(z). Calculate k(3).
-9
Let c(l) = -l**2 - l - 2. Let b be c(-2). Let x(o) = -o**2 + 5*o + 1. Let w be x(4). Let i(m) = w + 5*m + 10*m - 12*m. Give i(b).
-7
Let l = 10 + -7. Suppose 12 = 2*y - 5*y + 3*i, -l*i = 6. Let w(b) = -b**3 - 6*b**2 - 2*b - 7. Calculate w(y).
5
Let h(c) = 2*c - 12. Let k(t) = -3*t + 23. Let r(o) = -7*h(o) - 4*k(o). What is r(-4)?
0
Let g(f) = -f**3 - f**2 + 5. Let k(r) = -r**2 + 4*r + 5. Suppose -4*x = -x - 15. Let m be k(x). What is g(m)?
5
Let g(b) = -11*b - 18*b - 16*b + 48*b. Let v = -2 - -3. Give g(v).
3
Let r be (-12)/(-10)*(-30)/(-9). Let z be r/(-16) + (-6)/8. Let d(y) = y**2 + 9*y - 7. Let j(x) = -x. Let q(u) = z*d(u) - 6*j(u). Determine q(-5).
-3
Let z(i) be the first derivative of i**3 - i**2 - 3. Let v(y) = -y**2 - 7*y + 2. Let t be v(-7). Determine z(t).
8
Let n(b) = -b**2 + 6*b + 1. Let z(t) = -8*t - 19. Let l be z(-3). Determine n(l).
6
Let n(y) = -y + 11. Let u(i) = i**3 - 6*i**2 + 4*i - 19. Let s be u(6). Determine n(s).
6
Let o(m) = -m + 9 - m**3 - 4 - 3 + 5. Give o(0).
7
Let c(w) = w**2 - 4*w - 2. Let x be c(5). Let i(a) = -a**3 + 4*a**2 - a - 2. Give i(x).
4
Let c(l) = l**2 - l - 14. Suppose i = 2*t + 6, 4*t = -i - 3*i - 12. Suppose i = -z - 0*z. What is c(z)?
-14
Let u(y) = y + 7*y - 3*y**2 - 10*y - 1. What is u(-1)?
-2
Let x(h) = -11*h**2 + 21*h - 20. Let o(c) = 4*c**2 - 7*c + 7. Let q(l) = -8*o(l) - 3*x(l). Calculate q(6).
-2
Let q(n) be the first derivative of 0*n**2 + 0*n + 1/6*n**4 + 2 + 2/3*n**3 - 1/120*n**5. Let r(m) be the third derivative of q(m). What is r(2)?
2
Let s(h) = -7*h - 6. Let q(a) = 7 - 1 - 5*a + 11*a. Let w(n) = -6*q(n) - 5*s(n). Give w(0).
-6
Let h(p) = 64 + 3*p**2 - 66 - 4*p - 2*p**2. Let x = 7 + -3. Give h(x).
-2
Let f = 28 - 19. Suppose -f = -3*l - 5*m + 12, -3*m + 5 = -2*l. Let h = l + -1. Let q(s) = -2*s**2 + 2*s - 1. Calculate q(h).
-1
Let t(x) = -x**3 - 3*x**2 + 3*x - 3. Let r(y) = 3*y + 20. Let i be r(-8). Calculate t(i).
1
Let t(c) = 7*c**2 - 7*c - 30. Let d(n) = -3*n**2 + 3*n + 15. Let z(y) = 5*d(y) + 2*t(y). Give z(0).
15
Let l be ((-2)/(-5))/(3/15). Let d(o) = o + 1 - 5*o + l*o + 5. Determine d(5).
-4
Let v = 15 - 10. Let q(z) = z - 10. What is q(v)?
-5
Let o(t) = -10*t - 3. Let v be o(0). Let b(y) = -y**2 + 6*y + 3. Let z(f) = 2*f**2 - 11*f - 5. Let d(a) = 11*b(a) + 6*z(a). Determine d(v).
12
Let d(f) = 2*f**2 - 4*f - 1. Let c(j) = j + 12. Let t be c(-8). Determine d(t).
15
Let s(d) = -d**2 - 6*d. Let j be s(-5). Suppose -5 = -5*h + j. Let l(n) = 3*n**2 - 3*n + 1. Give l(h).
7
Let j(m) = -6 + 0*m + 4 - 2*m - 1. Let z be ((-8)/6)/((-2)/(-6)). Determine j(z).
5
Let w(j) = -2*j + 13. Let p = 4 - -9. Let b(c) = -c + 6. Let z(d) = p*b(d) - 6*w(d). What is z(5)?
-5
Let g(t) be the third derivative of t**5/20 - t**4/12 - t**3/6 + t**2. What is g(-1)?
4
Suppose -2*d + 5*d - 15 = 0. Suppose 0 = -b - d*w + 24, 2*b - 5*b - 4*w = -17. Let k(v) = v**3 - 2*v**2 - 2*v - 1. Give k(b).
-2
Let r be (-1)/(-3) + 240/(-45). Let v(u) = 2*u + 7. Give v(r).
-3
Suppose -18 = 2*t + t. Let o = -8 - t. Let x(i) be the first derivative of -i**2/2 - 3*i + 7. What is x(o)?
-1
Let m(a) be the third derivative of -a**5/20 - a**4/8 + a**3/2 + 3*a**2. Give m(-3).
-15
Let s(i) = -9*i - i**2 + i**2 - i**2 - 10. Let b be s(-8). Let f(w) = 3*w - 6. Let c(g) = 3*g - 5. Let r(z) = -6*c(z) + 5*f(z). What is r(b)?
6
Let k = 17 - 12. Let q(n) = n**2 - 6*n + 7. What is q(k)?
2
Let w(c) = 12*c**2 - 2*c - 1 - 2*c - 14*c**2. Calculate w(-3).
-7
Let z(h) = -h**3 + 8*h**2 - 8*h + 5. Let o be z(7). Let f be 6/o + -2 + 8. Let w(d) = -d**2 + d + 2. Determine w(f).
-4
Let b(p) be the third derivative of p**8/5040 + p**7/2520 + p**6/720 - p**5/12 - 3*p**2. Let w(j) be the third derivative of b(j). Give w(-1).
3
Suppose -4*n + b + 44 = 0, -3*n + 5*n + b - 16 = 0. Let u be ((-20)/(-12))/((-1)/(-3)). Let q(y) = -u*y**2 + 2*y**2 + 8 - 2*y - n - y**3. Determine q(-3).
4
Let s(d) = -8*d**3 - d**2 + 1. Let w(r) = r**2 - 12*r + 19. Let h be w(10). Determine s(h).
8
Let n(l) = -l + 8 + 4*l**2 + 3*l**2 - 8*l**2. Calculate n(0).
8
Let d(j) = 8*j**3 + 2*j**2 - 1. Suppose -8*x + 12*x - 4 = 0. What is d(x)?
9
Let c(w) = -w**2 - 9*w - 9. Let y be c(-9). Let k(x) = x**3 + 9*x**2 - 5. Calculate k(y).
-5
Let j = 2 - -4. Let c(a) = -a + 4. Calculate c(j).
-2
Let p(j) = 2*j - 4. Let c be -1 + (0/2 + -1)*-4. Give p(c).
2
Let q(p) be the second derivative of p**4/4 - p**3/3 + p**2/2 + 64*p. What is q(2)?
9
Let k(i) be the third derivative of -i**5/60 - 3*i**4/8 - i**3/2 - 8*i**2. Give k(-6).
15
Let a(w) = w**3 - 4*w - 1. Suppose -n = -b - 1, 3*b = 5*n + 3 - 2. Give a(b).
-16
Let i(f) = -2 + 2*f - 1 - 5*f. Calculate i(-6).
15
Let n(r) = r**3 + 3*r**2 - 6*r - 6. Let a(d) = 2*d**3 + 2*d**2 - d + 2. Let y be a(-2). Calculate n(y).
2
Let l(z) = 1. Let g(m) = 2. Let t(s) = 3*g(s) - 7*l(s). Let k(u) = -u - 8. Let j(p) = -4*p**3 + p + 1. Let q be j(-1). Let c(a) = q*t(a) - k(a). What is c(-3)?
1
Suppose 0 = 2*o - 6*o. Suppose o*p - 15 = -p. Suppose 5*k - 5 = p. Let f(l) = -l + 4. What is f(k)?
0
Let o(x) = 3*x**2 - 3*x - 3. Let k be (-2 - -11)/((-3)/(-1)). What is o(k)?
15
Let q = -121 + 117. Let y(k) = -8*k - 3. Give y(q).
29
Let p(x) = -x**2 - x - 2. Suppose 4*k = 0, -4*k = 2*w - k. Give p(w).
-2
Let s(d) = -1 + 3*d**2 - 2*d**2 - 143*d**3 + 293*d**3 - 149*d**3. Calculate s(-2).
-5
Let y(i) = -6*i**3 + 2*i**2 - 1. Suppose 6 = 5*n - 9. Suppose 5*u + 10 = -5*f, 0 = n*u + 3*f + f + 9. What is y(u)?
-5
Let k(s) = -6*s - 1. Suppose -2*t + 4*q = 2*t + 24, t - 2*q = -9. Let p = 30 - 26. Let u = p + t. Calculate k(u).
-7
Let c(i) = -i + 11. Let n be c(10). Let u(k) be the first derivative of -7*k**3/3 + k**2/2 - k - 2. Calculate u(n).
-7
Let p(o) = o**2 + 11*o + 5. Let m = -52 - -42. Determine p(m).
-5
Let z(p) = -6*p + 0*p**3 + 7*p**2 + p**3 - 22*p**2 + 11*p**2. Give z(5).
-5
Let b(h) = h + 8. Suppose -10*w - 63 = -w. Calculate b(w).
1
Let f(x) = 0*x**2 + 5*x**2 + 3 - 3*x - x**2 - x**2. What is f(2)?
9
Let g(x) = 2*x**3 + x. Let j be g(1). Suppose r = 2*l - 9, l - j*r - 3 + 1 = 0. Let b(k) = -k**2 + 6*k - 1. Calculate b(l).
4
Let c be ((-10)/(-2))/(4 + -3). Suppose -2*u - u + 7 = h, 5*h + 5*u = -c. Let f(n) be the first derivative of -n**2/2 - 2*n + 1. Determine f(h).
3
Suppose 2 + 0 = q. Let a(d) be the second derivative of -1/2*d**2 + 0 + 1/6*d**3 + 8*d. Determine a(q).
1
Let s(k) = -k**3 - k**2 - k + 1. Let f(l) = -3*l*